{"id":83,"date":"2021-02-27T17:26:31","date_gmt":"2021-02-27T17:26:31","guid":{"rendered":"http:\/\/uluturk.net\/rafet\/?page_id=83"},"modified":"2021-02-27T22:10:09","modified_gmt":"2021-02-27T22:10:09","slug":"hakkimda","status":"publish","type":"page","link":"http:\/\/uluturk.net\/rafet\/","title":{"rendered":"Hakk\u0131mda"},"content":{"rendered":"\n<p>Bulgaristanl\u0131 T\u00fcrk Ara\u015ft\u0131rmac\u0131 Yazar ve Gazeteci<\/p>\n\n\n\n<p><strong>Rafet ULUT\u00dcRK (\u0420\u0430\u0444\u0435\u0442 \u0423\u041b\u0423\u0422\u042e\u0420\u041a), <\/strong>09.03.1966 tarihinde Bulgaristan&#8217;\u0131n K\u0131rcaali (\u041a\u044a\u0440\u0434\u0436\u0430\u043b\u0438) \u015fehrine ba\u011fl\u0131 K\u00f6seler (\u041a\u044c\u043e\u0441\u0435\u0432\u043e) k\u00f6y\u00fcnde do\u011fdu.<\/p>\n\n\n\n<p>Bulgaristan T\u00fcrkeri\u2019nin sosyal, politik, ekonomik ve hukuk alanlar\u0131ndaki hak kay\u0131plar\u0131n\u0131n geri kazan\u0131lmas\u0131nda \u00f6nemli projeleri hayata ge\u00e7iren isimdir. <\/p>\n\n\n\n<p>Bulgaristan T\u00fcrklerini T\u00fcrkiye\u2019de ve T\u00fcrk D\u00fcnyas\u0131nda Bulgaristan T\u00fcrklerini do\u011fru tan\u0131tan ki\u015fidir.<\/p>\n\n\n\n<p>Ayr\u0131ca Bulgaristan T\u00fcrkeri\u2019nin haklar\u0131 i\u00e7in m\u00fccadele eden \u00f6nemli fikir ve d\u00fc\u015f\u00fcnceleri prati\u011fe ge\u00e7irmeyi ba\u015faran \u00f6nemli STK y\u00f6neticilerinden biridir.<\/p>\n\n\n\n<p><\/p>\n\n\n\n<h3 class=\"wp-block-heading\">Hayat\u0131;<\/h3>\n\n\n\n<p>1966 y\u0131l\u0131nda, K\u0131rcaali \u015fehrinin K\u00f6seler k\u00f6y\u00fcnde do\u011fdu. \u0130lkokulu do\u011fdu\u011fu k\u00f6yde, ortaokulu Boyno\u2019da tamamlad\u0131. 1984 y\u0131l\u0131nda K\u0131rcaali\u2019de M. Palauzov Lisesinden mezun oldu. Liseden mezun olur olmaz askere \u00e7a\u011fr\u0131ld\u0131 ve Troyanovo, daha sonra Kova\u00e7evo demir yollar\u0131nda devam etti.<\/p>\n\n\n\n<p>Bulgaristan\u2019daki T\u00fcrklerin, Bulgar y\u00f6netiminin uygulad\u0131\u011f\u0131 bask\u0131lara kar\u015f\u0131, T\u00fcrklerin demokratik hak arama sesi oldu\u011fu iddias\u0131 ile kurulan Hak ve \u00d6zg\u00fcrl\u00fckler Hareketi\u2019nde (H\u00d6H-DPS) bir s\u00fcre g\u00f6rev ald\u0131. <\/p>\n\n\n\n<p>1990 y\u0131l\u0131nda, turizm ile ilgili bir \u015firket kurdu. 1992 y\u0131l\u0131nda Filibe M\u00fcft\u00fcl\u00fc\u011f\u00fc\u2019ne Vak\u0131f M\u00fcd\u00fcr\u00fc olarak g\u00f6reve ba\u015flad\u0131. Burada T\u00fcrk tarihi ile de yak\u0131ndan tan\u0131\u015fma ve ilgilenme imk\u00e2n\u0131 buldu. Filibe M\u00fcft\u00fcl\u00fc\u011f\u00fc\u2019nde g\u00f6reve ba\u015flad\u0131ktan sonra, T\u00fcrkiye ile de s\u0131k\u0131 bir ili\u015fki, i\u015fbirli\u011fi i\u00e7erisine girdi ve bu d\u00f6nemde, T\u00fcrkiye\u2019ye ilk resmi ziyaretimi yapt\u0131. 1996 y\u0131l\u0131 sonunda, T\u00fcrkiye\u2019ye g\u00f6\u00e7 etti ve \u0130stanbul\u2019da yerle\u015fti. Serbest meslekte \u00e7al\u0131\u015fmaya ba\u015flad\u0131. \u0130stanbul Valili\u011fi T\u00fcrk D\u00fcnyas\u0131 ve Akraba Topluluklar\u0131nda Balkan Masas\u0131 Ba\u015fkanl\u0131\u011f\u0131&#8217;nda g\u00f6rev ald\u0131.<\/p>\n\n\n\n<h3 class=\"wp-block-heading\"><strong>\u0130\u015f Hayat\u0131 ve Ba\u015far\u0131lar;<\/strong><\/h3>\n\n\n\n<p>\u2022 1986 &#8211; DFS \u201cARDA\u201d spor kul\u00fcb\u00fcnde tedarik\u00e7i olarak \u00e7al\u0131\u015ft\u0131.<br \/>\u2022 1988 &#8211; K\u0131rcaali \u0130n\u015fat teknik lisesinde tedarik\u00e7i (domakin) olarak \u00e7al\u0131\u015ft\u0131.<br \/>\u2022 1989 &#8211; TKZC Boyno tedarik\u00e7i olarak \u00e7al\u0131\u015ft\u0131.<br \/>\u2022 1990 &#8211; ilk T\u00fcrk isminde \u201cY\u0131ld\u0131z Karde\u015fler\u201d \u015firketini kurdu.<br \/>\u2022 1990 &#8211; H\u00d6H-DPS kurucular\u0131ndan (K\u00f6seler) G\u00fcney do\u011fu Bulgaristanda olu\u015fturulan H\u00d6H te\u015fkilatlar\u0131n\u0131n tamam\u0131n\u0131 dola\u015ft\u0131.<br \/>\u2022 1991 Filibe\u2019de Vak\u0131f M\u00fcd\u00fcrl\u00fc\u011f\u00fc g\u00f6revinde bulundu.<br \/>\u2022 Filibe\u2019de UFUK (T\u00fcrk \u0130slam Eserlerini Ara\u015ft\u0131rma ve Koruma) Vakf\u0131&#8217;n\u0131 kurdu.<br \/>\u2022 \u0130stanbul Valili\u011fi T\u00fcrk D\u00fcnyas\u0131 ve Akraba Topluluklar\u0131 Koordinat\u00f6rl\u00fc\u011f\u00fcnde Balkan Masas\u0131 Ba\u015fkanl\u0131\u011f\u0131<\/p>\n\n\n\n<p><\/p>\n\n\n\n<h3 class=\"wp-block-heading\"><strong>Sosyal Hayat<\/strong><\/h3>\n\n\n\n<ul class=\"wp-block-list\"><li>1990 <strong>H\u00d6H-DPS<\/strong> kurucular\u0131ndan<\/li><li> 1993 <strong>DTGB (D\u00fcnya T\u00fcrk Gen\u00e7leri Birli\u011fi)<\/strong> Kurultay\u0131na kat\u0131l\u0131m &#8211; Tataristan<\/li><li>1995 <strong>Ufuk Vakf\u0131 <\/strong>kurucusu ve vakf\u0131 T\u00fcrk D\u00fcnyas\u0131na \u00fcye yaparak toplant\u0131lara kat\u0131lmaya ba\u015flad\u0131. (DTGB \u00dcyesi olarak Kurultaylara kat\u0131l\u0131m)<\/li><li>1997 \u0130stanbul &#8211; Bayrampa\u015fa\u2019da <strong>Balkan T\u00fcrkleri K\u00fclt\u00fcr ve Dayan\u0131\u015fma Derne\u011fi <\/strong>\u015eube Ba\u015fkan\u0131 (1997- 2002).<\/li><li>2003 <strong>BULT\u00dcRK Derne\u011fi <\/strong>(Bulgaristan T\u00fcrkleri K\u00fclt\u00fcr ve Hizmet Derne\u011fi) Kurucusu<\/li><li>2004 <strong>BULT\u00dcRK Gazetesi <\/strong>(Bulgaristan T\u00fcrklerinin Sesi Gazetesi) \u00e7\u0131karmaya ba\u015flad\u0131<\/li><li>\u0130stanbul Valili\u011fi T\u00fcrk D\u00fcnyas\u0131 ve Akraba Topluluklar\u0131 Koordinat\u00f6rl\u00fc\u011f\u00fcnde <strong>Balkan Masas\u0131 <\/strong>Ba\u015fkanl\u0131\u011f\u0131<\/li><li>2006 <strong>DTGB -D\u00fcnya T\u00fcrk Gen\u00e7ler Birli\u011fi<\/strong> Y\u00f6n. Kur. \u00dcyeli\u011fi,<\/li><li>\u0130stanbul\u2019da <strong>Rumeli Balkan Federasyonu<\/strong>&#8216;nun Genel Sekreterli\u011fi<\/li><li>2010 y\u0131l\u0131ndan itibaren <strong>Moldova Gagauz yeri K\u0131p\u00e7ak k<\/strong>\u00f6y\u00fcn\u00fcn A\u011fustos ay\u0131nda k\u00f6ylerinin g\u00fcn\u00fc kutlamalar\u0131na kat\u0131l\u0131m (2010-2019)<\/li><li>2010 y\u0131l\u0131nda <strong>BULT\u00dcRK Derne\u011fi<\/strong> Genel Ba\u015fkan\u0131 oldu<\/li><li>2010 Bulgaristan Sofya\u2019da ilk <strong>T\u00fcrk D\u00fcnyas\u0131 Gen\u00e7 Liderler <\/strong>toplant\u0131s\u0131n\u0131 Sofya\u2019da yapt\u0131<\/li><li>2011 BULT\u00dcRK Derne\u011fi olarak Bulgaristan Ba\u015fbakan\u0131n davetlisi olarak ilk defa <strong>Bulgaristan Parlamentosu&#8217;<\/strong>nu T\u00fcrkiye\u2019den bir dernek olarak ziyaret etti<\/li><li>T\u00fcrkiye\u2019de bir derne\u011fin gecesine ilk defa bir Milletvekili ziyaret etti. K\u0131rcaali GERB Milletvekili Tsveta Karayan\u00e7eva<\/li><li><strong>T\u00fcrk D\u00fcnyas\u0131 Gazeteciler Birli\u011fi Federasyonu<\/strong> Y\u00f6n. Kur. \u00dcyesi,<\/li><li><strong>T\u00fcrk Halklar\u0131 Kongresi <\/strong>D\u00f6nem Ba\u015fkanl\u0131\u011f\u0131 (2015-217)<\/li><li>2013 <strong>BGSAM Bulgaristan Stratejik Ara\u015ft\u0131rma Merkezi<\/strong> kurucusu Bulgaristan ile ilgili (2020 y\u0131l\u0131 itibar\u0131 ile 76 kitap derlenmi\u015ftir)<\/li><li>T\u00fcrkiye\u2019de ilk defa bir dernek <strong>Ordu Komutanl\u0131\u011f\u0131<\/strong>n\u0131 ziyaret etti. 31 Temmuz 2017 tarihinde <strong>1.Ordu Komutan\u0131 Orgeneral Musa AVSEVER<\/strong>&#8216;i makam\u0131nda ziyaret etti ve 1.Ordu Komutan\u0131 taraf\u0131ndan plaket alm\u0131\u015ft\u0131r. BULT\u00dcRK Derne\u011fi olarak ziyaret ederek kendileri de bir onurluk plaketi sunmu\u015flard\u0131r.<\/li><li>2020 y\u0131l\u0131 <strong>BULT\u00dcRK &#8211; Bulgaristan T\u00fcrkleri K\u00fclt\u00fcr ve Hizmet Derne\u011fi<\/strong>&#8216;nin Genel Ba\u015fkan\u0131 olarak g\u00f6revine devam etmektedir.<\/li><\/ul>\n\n\n\n<div class=\"wp-block-columns is-layout-flex wp-container-core-columns-is-layout-9d6595d7 wp-block-columns-is-layout-flex\">\n<div class=\"wp-block-column is-layout-flow wp-block-column-is-layout-flow\" style=\"flex-basis:100%\"><\/div>\n<\/div>\n","protected":false},"excerpt":{"rendered":"<p>Bulgaristanl\u0131 T\u00fcrk Ara\u015ft\u0131rmac\u0131 Yazar ve Gazeteci Rafet ULUT\u00dcRK (\u0420\u0430\u0444\u0435\u0442 \u0423\u041b\u0423\u0422\u042e\u0420\u041a), 09.03.1966 tarihinde Bulgaristan&#8217;\u0131n K\u0131rcaali (\u041a\u044a\u0440\u0434\u0436\u0430\u043b\u0438) \u015fehrine ba\u011fl\u0131 K\u00f6seler (\u041a\u044c\u043e\u0441\u0435\u0432\u043e) k\u00f6y\u00fcnde do\u011fdu. Bulgaristan T\u00fcrkeri\u2019nin sosyal, politik, ekonomik ve hukuk alanlar\u0131ndaki hak kay\u0131plar\u0131n\u0131n geri kazan\u0131lmas\u0131nda \u00f6nemli projeleri hayata ge\u00e7iren isimdir. Bulgaristan T\u00fcrklerini T\u00fcrkiye\u2019de ve T\u00fcrk D\u00fcnyas\u0131nda Bulgaristan T\u00fcrklerini do\u011fru tan\u0131tan ki\u015fidir. Ayr\u0131ca Bulgaristan T\u00fcrkeri\u2019nin haklar\u0131 i\u00e7in m\u00fccadele &hellip; <a href=\"http:\/\/uluturk.net\/rafet\/\" class=\"more-link\">Okumaya devam et <span class=\"screen-reader-text\">Hakk\u0131mda<\/span><\/a><\/p>\n","protected":false},"author":1,"featured_media":0,"parent":0,"menu_order":0,"comment_status":"closed","ping_status":"closed","template":"","meta":{"footnotes":""},"class_list":["post-83","page","type-page","status-publish","hentry"],"_links":{"self":[{"href":"http:\/\/uluturk.net\/rafet\/wp-json\/wp\/v2\/pages\/83","targetHints":{"allow":["GET"]}}],"collection":[{"href":"http:\/\/uluturk.net\/rafet\/wp-json\/wp\/v2\/pages"}],"about":[{"href":"http:\/\/uluturk.net\/rafet\/wp-json\/wp\/v2\/types\/page"}],"author":[{"embeddable":true,"href":"http:\/\/uluturk.net\/rafet\/wp-json\/wp\/v2\/users\/1"}],"replies":[{"embeddable":true,"href":"http:\/\/uluturk.net\/rafet\/wp-json\/wp\/v2\/comments?post=83"}],"version-history":[{"count":4,"href":"http:\/\/uluturk.net\/rafet\/wp-json\/wp\/v2\/pages\/83\/revisions"}],"predecessor-version":[{"id":90,"href":"http:\/\/uluturk.net\/rafet\/wp-json\/wp\/v2\/pages\/83\/revisions\/90"}],"wp:attachment":[{"href":"http:\/\/uluturk.net\/rafet\/wp-json\/wp\/v2\/media?parent=83"}],"curies":[{"name":"wp","href":"https:\/\/api.w.org\/{rel}","templated":true}]}}

Hakkımda

<p>Bulgaristanlı Türk Araştırmacı Yazar ve Gazeteci</p>



<p><strong>Rafet ULUTÜRK (Рафет УЛУТЮРК), </strong>09.03.1966 tarihinde Bulgaristan&#8217;ın Kırcaali (Кърджали) şehrine bağlı Köseler (Кьосево) köyünde doğdu.</p>



<p>Bulgaristan Türkeri’nin sosyal, politik, ekonomik ve hukuk alanlarındaki hak kayıplarının geri kazanılmasında önemli projeleri hayata geçiren isimdir. </p>



<p>Bulgaristan Türklerini Türkiye’de ve Türk Dünyasında Bulgaristan Türklerini doğru tanıtan kişidir.</p>



<p>Ayrıca Bulgaristan Türkeri’nin hakları için mücadele eden önemli fikir ve düşünceleri pratiğe geçirmeyi başaran önemli STK yöneticilerinden biridir.</p>



<p></p>



<h3 class="wp-block-heading">Hayatı;</h3>



<p>1966 yılında, Kırcaali şehrinin Köseler köyünde doğdu. İlkokulu doğduğu köyde, ortaokulu Boyno’da tamamladı. 1984 yılında Kırcaali’de M. Palauzov Lisesinden mezun oldu. Liseden mezun olur olmaz askere çağrıldı ve Troyanovo, daha sonra Kovaçevo demir yollarında devam etti.</p>



<p>Bulgaristan’daki Türklerin, Bulgar yönetiminin uyguladığı baskılara karşı, Türklerin demokratik hak arama sesi olduğu iddiası ile kurulan Hak ve Özgürlükler Hareketi’nde (HÖH-DPS) bir süre görev aldı. </p>



<p>1990 yılında, turizm ile ilgili bir şirket kurdu. 1992 yılında Filibe Müftülüğü’ne Vakıf Müdürü olarak göreve başladı. Burada Türk tarihi ile de yakından tanışma ve ilgilenme imkânı buldu. Filibe Müftülüğü’nde göreve başladıktan sonra, Türkiye ile de sıkı bir ilişki, işbirliği içerisine girdi ve bu dönemde, Türkiye’ye ilk resmi ziyaretimi yaptı. 1996 yılı sonunda, Türkiye’ye göç etti ve İstanbul’da yerleşti. Serbest meslekte çalışmaya başladı. İstanbul Valiliği Türk Dünyası ve Akraba Topluluklarında Balkan Masası Başkanlığı&#8217;nda görev aldı.</p>



<h3 class="wp-block-heading"><strong>İş Hayatı ve Başarılar;</strong></h3>



<p>• 1986 &#8211; DFS “ARDA” spor kulübünde tedarikçi olarak çalıştı.<br />• 1988 &#8211; Kırcaali İnşat teknik lisesinde tedarikçi (domakin) olarak çalıştı.<br />• 1989 &#8211; TKZC Boyno tedarikçi olarak çalıştı.<br />• 1990 &#8211; ilk Türk isminde “Yıldız Kardeşler” şirketini kurdu.<br />• 1990 &#8211; HÖH-DPS kurucularından (Köseler) Güney doğu Bulgaristanda oluşturulan HÖH teşkilatlarının tamamını dolaştı.<br />• 1991 Filibe’de Vakıf Müdürlüğü görevinde bulundu.<br />• Filibe’de UFUK (Türk İslam Eserlerini Araştırma ve Koruma) Vakfı&#8217;nı kurdu.<br />• İstanbul Valiliği Türk Dünyası ve Akraba Toplulukları Koordinatörlüğünde Balkan Masası Başkanlığı</p>



<p></p>



<h3 class="wp-block-heading"><strong>Sosyal Hayat</strong></h3>



<ul class="wp-block-list"><li>1990 <strong>HÖH-DPS</strong> kurucularından</li><li> 1993 <strong>DTGB (Dünya Türk Gençleri Birliği)</strong> Kurultayına katılım &#8211; Tataristan</li><li>1995 <strong>Ufuk Vakfı </strong>kurucusu ve vakfı Türk Dünyasına üye yaparak toplantılara katılmaya başladı. (DTGB Üyesi olarak Kurultaylara katılım)</li><li>1997 İstanbul &#8211; Bayrampaşa’da <strong>Balkan Türkleri Kültür ve Dayanışma Derneği </strong>Şube Başkanı (1997- 2002).</li><li>2003 <strong>BULTÜRK Derneği </strong>(Bulgaristan Türkleri Kültür ve Hizmet Derneği) Kurucusu</li><li>2004 <strong>BULTÜRK Gazetesi </strong>(Bulgaristan Türklerinin Sesi Gazetesi) çıkarmaya başladı</li><li>İstanbul Valiliği Türk Dünyası ve Akraba Toplulukları Koordinatörlüğünde <strong>Balkan Masası </strong>Başkanlığı</li><li>2006 <strong>DTGB -Dünya Türk Gençler Birliği</strong> Yön. Kur. Üyeliği,</li><li>İstanbul’da <strong>Rumeli Balkan Federasyonu</strong>&#8216;nun Genel Sekreterliği</li><li>2010 yılından itibaren <strong>Moldova Gagauz yeri Kıpçak k</strong>öyünün Ağustos ayında köylerinin günü kutlamalarına katılım (2010-2019)</li><li>2010 yılında <strong>BULTÜRK Derneği</strong> Genel Başkanı oldu</li><li>2010 Bulgaristan Sofya’da ilk <strong>Türk Dünyası Genç Liderler </strong>toplantısını Sofya’da yaptı</li><li>2011 BULTÜRK Derneği olarak Bulgaristan Başbakanın davetlisi olarak ilk defa <strong>Bulgaristan Parlamentosu&#8217;</strong>nu Türkiye’den bir dernek olarak ziyaret etti</li><li>Türkiye’de bir derneğin gecesine ilk defa bir Milletvekili ziyaret etti. Kırcaali GERB Milletvekili Tsveta Karayançeva</li><li><strong>Türk Dünyası Gazeteciler Birliği Federasyonu</strong> Yön. Kur. Üyesi,</li><li><strong>Türk Halkları Kongresi </strong>Dönem Başkanlığı (2015-217)</li><li>2013 <strong>BGSAM Bulgaristan Stratejik Araştırma Merkezi</strong> kurucusu Bulgaristan ile ilgili (2020 yılı itibarı ile 76 kitap derlenmiştir)</li><li>Türkiye’de ilk defa bir dernek <strong>Ordu Komutanlığı</strong>nı ziyaret etti. 31 Temmuz 2017 tarihinde <strong>1.Ordu Komutanı Orgeneral Musa AVSEVER</strong>&#8216;i makamında ziyaret etti ve 1.Ordu Komutanı tarafından plaket almıştır. BULTÜRK Derneği olarak ziyaret ederek kendileri de bir onurluk plaketi sunmuşlardır.</li><li>2020 yılı <strong>BULTÜRK &#8211; Bulgaristan Türkleri Kültür ve Hizmet Derneği</strong>&#8216;nin Genel Başkanı olarak görevine devam etmektedir.</li></ul>



<div class="wp-block-columns is-layout-flex wp-container-core-columns-is-layout-9d6595d7 wp-block-columns-is-layout-flex">
<div class="wp-block-column is-layout-flow wp-block-column-is-layout-flow" style="flex-basis:100%"></div>
</div>

<p>Bulgaristanlı Türk Araştırmacı Yazar ve Gazeteci Rafet ULUTÜRK (Рафет УЛУТЮРК), 09.03.1966 tarihinde Bulgaristan&#8217;ın Kırcaali (Кърджали) şehrine bağlı Köseler (Кьосево) köyünde doğdu. Bulgaristan Türkeri’nin sosyal, politik, ekonomik ve hukuk alanlarındaki hak kayıplarının geri kazanılmasında önemli projeleri hayata geçiren isimdir. Bulgaristan Türklerini Türkiye’de ve Türk Dünyasında Bulgaristan Türklerini doğru tanıtan kişidir. Ayrıca Bulgaristan Türkeri’nin hakları için mücadele &hellip; <a href="http://uluturk.net/rafet/" class="more-link">Okumaya devam et <span class="screen-reader-text">Hakkımda</span></a></p>
